 {"id":15388,"date":"2022-02-23T11:04:55","date_gmt":"2022-02-23T14:04:55","guid":{"rendered":"https:\/\/www.sociales.unlz.edu.ar\/?page_id=15388"},"modified":"2026-08-20T14:14:26","modified_gmt":"2026-08-20T17:14:26","slug":"seminarios-de-posgrado-2","status":"publish","type":"page","link":"https:\/\/sociales.unlz.edu.ar\/index.php\/seminarios-de-posgrado-2\/","title":{"rendered":"Seminarios de Posgrado"},"content":{"rendered":"<div class=\"wpb-content-wrapper\"><p>[vc_row][vc_column][vc_column_text css=&#8221;&#8221;]<\/p>\n<p style=\"text-align: center;\"><strong>INSCRIPCI\u00d3N ABIERTA\u00a0A LOS\u00a0SEMINARIOS DE POSGRADO<\/strong><\/p>\n<p>&nbsp;<\/p>\n<p>La Facultad de Ciencias Sociales abre la inscripci\u00f3n a los seminarios Imagen P\u00fablica e Institucional,\u00a0 Asuntos P\u00fablicos y Comunicaci\u00f3n en Crisis y Comunicaci\u00f3n y Pol\u00edticas P\u00fablicas y Desarrollo, que inician el viernes 23 y s\u00e1bado 24 de septiembre y acreditan para el posgrado <a href=\"https:\/\/sociales.unlz.edu.ar\/index.php\/especializacion-en-gestion-de-las-comunicaciones-2\/\">Especializaci\u00f3n en Gesti\u00f3n de las Comunicaciones<\/a> y la <a href=\"https:\/\/sociales.unlz.edu.ar\/index.php\/maestria-en-comunicacion\/\">Maestr\u00eda en Comunicaci\u00f3n<\/a>.<\/p>\n<p>&nbsp;<\/p>\n<h4><span style=\"font-size: large;\"><b>Imagen P\u00fablica e Institucional<\/b><\/span><\/h4>\n<div><\/div>\n<p><strong>A cargo de:<\/strong> Carol Carbone.<\/p>\n<p><strong>Modalidad:<\/strong> virtual.<\/p>\n<p><strong>Duraci\u00f3n:<\/strong> 32 hs \/ 8 s\u00e1bados.<\/p>\n<p><strong>Inicio:<\/strong> 24 de septiembre.<\/p>\n<p><strong><em>Acredita para la Especializaci\u00f3n en Gesti\u00f3n de las Comunicaciones y la Maestr\u00eda en Comunicaci\u00f3n.<\/em><\/strong><\/p>\n<div><\/div>\n<div>\n<h4><\/h4>\n<h4><\/h4>\n<h4><\/h4>\n<h4><\/h4>\n<h4><span style=\"font-size: large;\"><b>Asuntos P\u00fablicos y Comunicaci\u00f3n en Crisis<\/b><\/span><\/h4>\n<div><\/div>\n<p><strong>A cargo de:<\/strong> Adri\u00e1n Arroyo.<\/p>\n<p><strong>Modalidad:<\/strong> virtual.<\/p>\n<p><strong>Duraci\u00f3n:<\/strong> 32 hs \/ 8 s\u00e1bados.<\/p>\n<p><strong>Inicio:<\/strong> 24 de septiembre.<\/p>\n<p><em><strong>Acredita para la Especializaci\u00f3n en Gesti\u00f3n de las Comunicaciones y la Maestr\u00eda en Comunicaci\u00f3n<\/strong><\/em><\/p>\n<div><\/div>\n<div><\/div>\n<\/div>\n<div><\/div>\n<div><\/div>\n<div><\/div>\n<div><\/div>\n<div>\n<h4><\/h4>\n<h4><\/h4>\n<h4><\/h4>\n<h4><\/h4>\n<h4><span style=\"font-size: large;\"><b>Comunicaci\u00f3n, pol\u00edticas p\u00fablicas y desarrollo<\/b><\/span><\/h4>\n<p><strong>A cargo de:<\/strong> Washington Uranga.<\/p>\n<p><strong>Modalidad:<\/strong> virtual.<\/p>\n<p><strong>Duraci\u00f2n:<\/strong> 32 hs \/ 8 viernes.<\/p>\n<p><strong>Inicio:<\/strong> 23 de septiembre.<\/p>\n<p><em><strong>Acredita para la Maestr\u00eda en Comunicaci\u00f3n.<\/strong><\/em><\/p>\n<div><\/div>\n<\/div>\n<p>[\/vc_column_text]<div class=\"\"><a  id=\"btn-6a95666c476c2\" class=\"btn btn-rounded  ti-pencil  btn-sm-sm\" href= \"https:\/\/forms.gle\/89VpnTL5B5ya8Qn4A\" target=\"_self\" >Inscripci\u00f3n online<\/a><\/div>[vc_column_text]Para m\u00e1s informaci\u00f3n y\/o consultas: <strong>posgrado@sociales.unlz.edu.ar<\/strong>[\/vc_column_text][\/vc_column][\/vc_row][vc_row][vc_column][\/vc_column][\/vc_row]<\/p>\n<\/div>","protected":false},"excerpt":{"rendered":"<p>[vc_row][vc_column][vc_column_text css=&#8221;&#8221;] INSCRIPCI\u00d3N ABIERTA\u00a0A LOS\u00a0SEMINARIOS DE POSGRADO &nbsp; La Facultad de Ciencias Sociales abre la inscripci\u00f3n&#8230;<\/p>\n","protected":false},"author":9,"featured_media":0,"parent":0,"menu_order":0,"comment_status":"closed","ping_status":"closed","template":"","meta":{"footnotes":""},"class_list":["post-15388","page","type-page","status-publish","hentry"],"_links":{"self":[{"href":"https:\/\/sociales.unlz.edu.ar\/index.php\/wp-json\/wp\/v2\/pages\/15388","targetHints":{"allow":["GET"]}}],"collection":[{"href":"https:\/\/sociales.unlz.edu.ar\/index.php\/wp-json\/wp\/v2\/pages"}],"about":[{"href":"https:\/\/sociales.unlz.edu.ar\/index.php\/wp-json\/wp\/v2\/types\/page"}],"author":[{"embeddable":true,"href":"https:\/\/sociales.unlz.edu.ar\/index.php\/wp-json\/wp\/v2\/users\/9"}],"replies":[{"embeddable":true,"href":"https:\/\/sociales.unlz.edu.ar\/index.php\/wp-json\/wp\/v2\/comments?post=15388"}],"version-history":[{"count":21,"href":"https:\/\/sociales.unlz.edu.ar\/index.php\/wp-json\/wp\/v2\/pages\/15388\/revisions"}],"predecessor-version":[{"id":26911,"href":"https:\/\/sociales.unlz.edu.ar\/index.php\/wp-json\/wp\/v2\/pages\/15388\/revisions\/26911"}],"wp:attachment":[{"href":"https:\/\/sociales.unlz.edu.ar\/index.php\/wp-json\/wp\/v2\/media?parent=15388"}],"curies":[{"name":"wp","href":"https:\/\/api.w.org\/{rel}","templated":true}]}}

<div class="wpb-content-wrapper"><p>[vc_row][vc_column][vc_column_text css=&#8221;&#8221;]</p>
<p style="text-align: center;"><strong>INSCRIPCIÓN ABIERTA A LOS SEMINARIOS DE POSGRADO</strong></p>
<p>&nbsp;</p>
<p>La Facultad de Ciencias Sociales abre la inscripción a los seminarios Imagen Pública e Institucional,  Asuntos Públicos y Comunicación en Crisis y Comunicación y Políticas Públicas y Desarrollo, que inician el viernes 23 y sábado 24 de septiembre y acreditan para el posgrado <a href="https://sociales.unlz.edu.ar/index.php/especializacion-en-gestion-de-las-comunicaciones-2/">Especialización en Gestión de las Comunicaciones</a> y la <a href="https://sociales.unlz.edu.ar/index.php/maestria-en-comunicacion/">Maestría en Comunicación</a>.</p>
<p>&nbsp;</p>
<h4><span style="font-size: large;"><b>Imagen Pública e Institucional</b></span></h4>
<div></div>
<p><strong>A cargo de:</strong> Carol Carbone.</p>
<p><strong>Modalidad:</strong> virtual.</p>
<p><strong>Duración:</strong> 32 hs / 8 sábados.</p>
<p><strong>Inicio:</strong> 24 de septiembre.</p>
<p><strong><em>Acredita para la Especialización en Gestión de las Comunicaciones y la Maestría en Comunicación.</em></strong></p>
<div></div>
<div>
<h4></h4>
<h4></h4>
<h4></h4>
<h4></h4>
<h4><span style="font-size: large;"><b>Asuntos Públicos y Comunicación en Crisis</b></span></h4>
<div></div>
<p><strong>A cargo de:</strong> Adrián Arroyo.</p>
<p><strong>Modalidad:</strong> virtual.</p>
<p><strong>Duración:</strong> 32 hs / 8 sábados.</p>
<p><strong>Inicio:</strong> 24 de septiembre.</p>
<p><em><strong>Acredita para la Especialización en Gestión de las Comunicaciones y la Maestría en Comunicación</strong></em></p>
<div></div>
<div></div>
</div>
<div></div>
<div></div>
<div></div>
<div></div>
<div>
<h4></h4>
<h4></h4>
<h4></h4>
<h4></h4>
<h4><span style="font-size: large;"><b>Comunicación, políticas públicas y desarrollo</b></span></h4>
<p><strong>A cargo de:</strong> Washington Uranga.</p>
<p><strong>Modalidad:</strong> virtual.</p>
<p><strong>Duraciòn:</strong> 32 hs / 8 viernes.</p>
<p><strong>Inicio:</strong> 23 de septiembre.</p>
<p><em><strong>Acredita para la Maestría en Comunicación.</strong></em></p>
<div></div>
</div>
<p>[/vc_column_text]<div class=""><a  id="btn-6a95666c476c2" class="btn btn-rounded  ti-pencil  btn-sm-sm" href= "https://forms.gle/89VpnTL5B5ya8Qn4A" target="_self" >Inscripción online</a></div>[vc_column_text]Para más información y/o consultas: <strong>posgrado@sociales.unlz.edu.ar</strong>[/vc_column_text][/vc_column][/vc_row][vc_row][vc_column][/vc_column][/vc_row]</p>
</div>

<p>[vc_row][vc_column][vc_column_text css=&#8221;&#8221;] INSCRIPCIÓN ABIERTA A LOS SEMINARIOS DE POSGRADO &nbsp; La Facultad de Ciencias Sociales abre la inscripción&#8230;</p>
