 {"id":26985,"date":"2026-08-31T09:06:59","date_gmt":"2026-08-31T12:06:59","guid":{"rendered":"https:\/\/sociales.unlz.edu.ar\/?page_id=26985"},"modified":"2026-08-31T09:15:51","modified_gmt":"2026-08-31T12:15:51","slug":"ix-jornada-de-comunicacion-estrategica","status":"publish","type":"page","link":"https:\/\/sociales.unlz.edu.ar\/index.php\/ix-jornada-de-comunicacion-estrategica\/","title":{"rendered":"IX Jornada de Comunicaci\u00f3n Estrat\u00e9gica"},"content":{"rendered":"<div class=\"wpb-content-wrapper\"><p>[vc_row][vc_column][vc_column_text css=&#8221;&#8221;]<\/p>\n<h4><strong>Mesa de Ponencias<\/strong><br \/>\nQuienes env\u00eden sus propuestas podr\u00e1n exponer su trabajo en la Mesa de Ponencias, que se realizar\u00e1 el\u00a0<strong>16 de octubre de 2026 por la tarde<\/strong>\u00a0(horario a confirmar).<br \/>\nLos trabajos ser\u00e1n evaluados por el Comit\u00e9 Acad\u00e9mico, que comunicar\u00e1 su aprobaci\u00f3n y la distribuci\u00f3n de las mesas seg\u00fan tem\u00e1tica.<\/h4>\n<h4>Adem\u00e1s, quienes lo deseen podr\u00e1n enviar su ponencia en\u00a0<strong>formato de art\u00edculo acad\u00e9mico<\/strong>\u00a0para su publicaci\u00f3n digital en la revista\u00a0<strong>Hologram\u00e1tica<\/strong>\u00a0de la Facultad.<\/h4>\n<p>[\/vc_column_text][vc_column_text css=&#8221;&#8221;]<\/p>\n<h4><strong>Fechas importantes<\/strong><\/h4>\n<h4>Env\u00edo de res\u00famenes: hasta el\u00a0<b>30 de septiembre de 2026<\/b>.<\/h4>\n<h4>Env\u00edo de art\u00edculos completos para su publicaci\u00f3n: hasta el\u00a0<b>20<\/b><strong>\u00a0de noviembre de 2026<\/strong>.<\/h4>\n<h4>\u00a0Los res\u00famenes deber\u00e1n cargarse a trav\u00e9s de <a href=\"https:\/\/forms.gle\/ckViYdihihHmowNy7\" target=\"_blank\" rel=\"noopener noreferrer noreferrer\" data-saferedirecturl=\"https:\/\/www.google.com\/url?q=https:\/\/forms.gle\/ckViYdihihHmowNy7&amp;source=gmail&amp;ust=1788264210901000&amp;usg=AOvVaw1q00sRBriTVo8SOxPCRz5H\"><b>este formulario<\/b><\/a><\/h4>\n<p>[\/vc_column_text][vc_column_text css=&#8221;&#8221;]<\/p>\n<h4><strong>Ejes tem\u00e1ticos<\/strong><\/h4>\n<h4>*Comunicaci\u00f3n y espacio p\u00fablico<\/h4>\n<h4>*Comunicaci\u00f3n electoral<\/h4>\n<h4>*Comunicaci\u00f3n pol\u00edtica local<\/h4>\n<h4>*Opini\u00f3n p\u00fablica<\/h4>\n<h4>*Organizaciones y stakeholders<\/h4>\n<h4>*Asuntos p\u00fablicos<\/h4>\n<h4>*An\u00e1lisis de medios y pr\u00e1cticas period\u00edsticas<\/h4>\n<h4>*Comunicaci\u00f3n comunitaria<\/h4>\n<h4>*Inteligencia Artificial e innovaci\u00f3n en comunicaci\u00f3n<br \/>\n<em>(Tambi\u00e9n se aceptar\u00e1n propuestas sobre otros temas, que ser\u00e1n evaluadas por el Comit\u00e9).<\/em><\/h4>\n<p>[\/vc_column_text][vc_column_text css=&#8221;&#8221;]<\/p>\n<h4><strong>Formatos aceptados<\/strong><\/h4>\n<h4>*Investigaci\u00f3n (avances y resultados)<\/h4>\n<h4>*Experiencias metodol\u00f3gicas<\/h4>\n<h4>*Ensayos<\/h4>\n<h4>*Art\u00edculos acad\u00e9micos<\/h4>\n<p>[\/vc_column_text][vc_column_text css=&#8221;&#8221;]<\/p>\n<h4><strong>Requisitos de los res\u00famenes<\/strong><\/h4>\n<h4>*Datos del\/ los autor\/es: Nombre y apellido, filiaci\u00f3n institucional, correo de contacto y CV resumido.<\/h4>\n<h4>*T\u00edtulo de la presentaci\u00f3n.<\/h4>\n<h4>*Resumen (m\u00e1x. 500 palabras) con objetivos, metodolog\u00eda y conclusiones\/resultados.<\/h4>\n<p>[\/vc_column_text][vc_column_text css=&#8221;&#8221;]<\/p>\n<h4><strong>Requisitos de los art\u00edculos<\/strong><\/h4>\n<h4>*Datos del\/de los autor\/es: Nombre y apellido, filiaci\u00f3n institucional, correo de contacto y CV resumido.<\/h4>\n<h4>*Extensi\u00f3n: entre 15.000 y 45.000 caracteres sin espacios (aprox. 8 a 24 p\u00e1ginas).<\/h4>\n<p>[\/vc_column_text][vc_column_text css=&#8221;&#8221;]<\/p>\n<h4><em>Esperamos contar con su valiosa participaci\u00f3n y aportes en esta nueva edici\u00f3n de la Jornada.<\/em><\/h4>\n<p>[\/vc_column_text][\/vc_column][\/vc_row]<\/p>\n<\/div>","protected":false},"excerpt":{"rendered":"<p>[vc_row][vc_column][vc_column_text css=&#8221;&#8221;] Mesa de Ponencias Quienes env\u00eden sus propuestas podr\u00e1n exponer su trabajo en la Mesa&#8230;<\/p>\n","protected":false},"author":12,"featured_media":0,"parent":0,"menu_order":0,"comment_status":"closed","ping_status":"closed","template":"","meta":{"footnotes":""},"class_list":["post-26985","page","type-page","status-publish","hentry"],"_links":{"self":[{"href":"https:\/\/sociales.unlz.edu.ar\/index.php\/wp-json\/wp\/v2\/pages\/26985","targetHints":{"allow":["GET"]}}],"collection":[{"href":"https:\/\/sociales.unlz.edu.ar\/index.php\/wp-json\/wp\/v2\/pages"}],"about":[{"href":"https:\/\/sociales.unlz.edu.ar\/index.php\/wp-json\/wp\/v2\/types\/page"}],"author":[{"embeddable":true,"href":"https:\/\/sociales.unlz.edu.ar\/index.php\/wp-json\/wp\/v2\/users\/12"}],"replies":[{"embeddable":true,"href":"https:\/\/sociales.unlz.edu.ar\/index.php\/wp-json\/wp\/v2\/comments?post=26985"}],"version-history":[{"count":8,"href":"https:\/\/sociales.unlz.edu.ar\/index.php\/wp-json\/wp\/v2\/pages\/26985\/revisions"}],"predecessor-version":[{"id":26987,"href":"https:\/\/sociales.unlz.edu.ar\/index.php\/wp-json\/wp\/v2\/pages\/26985\/revisions\/26987"}],"wp:attachment":[{"href":"https:\/\/sociales.unlz.edu.ar\/index.php\/wp-json\/wp\/v2\/media?parent=26985"}],"curies":[{"name":"wp","href":"https:\/\/api.w.org\/{rel}","templated":true}]}}

IX Jornada de Comunicación Estratégica

<div class="wpb-content-wrapper"><p>[vc_row][vc_column][vc_column_text css=&#8221;&#8221;]</p>
<h4><strong>Mesa de Ponencias</strong><br />
Quienes envíen sus propuestas podrán exponer su trabajo en la Mesa de Ponencias, que se realizará el <strong>16 de octubre de 2026 por la tarde</strong> (horario a confirmar).<br />
Los trabajos serán evaluados por el Comité Académico, que comunicará su aprobación y la distribución de las mesas según temática.</h4>
<h4>Además, quienes lo deseen podrán enviar su ponencia en <strong>formato de artículo académico</strong> para su publicación digital en la revista <strong>Hologramática</strong> de la Facultad.</h4>
<p>[/vc_column_text][vc_column_text css=&#8221;&#8221;]</p>
<h4><strong>Fechas importantes</strong></h4>
<h4>Envío de resúmenes: hasta el <b>30 de septiembre de 2026</b>.</h4>
<h4>Envío de artículos completos para su publicación: hasta el <b>20</b><strong> de noviembre de 2026</strong>.</h4>
<h4> Los resúmenes deberán cargarse a través de <a href="https://forms.gle/ckViYdihihHmowNy7" target="_blank" rel="noopener noreferrer noreferrer" data-saferedirecturl="https://www.google.com/url?q=https://forms.gle/ckViYdihihHmowNy7&amp;source=gmail&amp;ust=1788264210901000&amp;usg=AOvVaw1q00sRBriTVo8SOxPCRz5H"><b>este formulario</b></a></h4>
<p>[/vc_column_text][vc_column_text css=&#8221;&#8221;]</p>
<h4><strong>Ejes temáticos</strong></h4>
<h4>*Comunicación y espacio público</h4>
<h4>*Comunicación electoral</h4>
<h4>*Comunicación política local</h4>
<h4>*Opinión pública</h4>
<h4>*Organizaciones y stakeholders</h4>
<h4>*Asuntos públicos</h4>
<h4>*Análisis de medios y prácticas periodísticas</h4>
<h4>*Comunicación comunitaria</h4>
<h4>*Inteligencia Artificial e innovación en comunicación<br />
<em>(También se aceptarán propuestas sobre otros temas, que serán evaluadas por el Comité).</em></h4>
<p>[/vc_column_text][vc_column_text css=&#8221;&#8221;]</p>
<h4><strong>Formatos aceptados</strong></h4>
<h4>*Investigación (avances y resultados)</h4>
<h4>*Experiencias metodológicas</h4>
<h4>*Ensayos</h4>
<h4>*Artículos académicos</h4>
<p>[/vc_column_text][vc_column_text css=&#8221;&#8221;]</p>
<h4><strong>Requisitos de los resúmenes</strong></h4>
<h4>*Datos del/ los autor/es: Nombre y apellido, filiación institucional, correo de contacto y CV resumido.</h4>
<h4>*Título de la presentación.</h4>
<h4>*Resumen (máx. 500 palabras) con objetivos, metodología y conclusiones/resultados.</h4>
<p>[/vc_column_text][vc_column_text css=&#8221;&#8221;]</p>
<h4><strong>Requisitos de los artículos</strong></h4>
<h4>*Datos del/de los autor/es: Nombre y apellido, filiación institucional, correo de contacto y CV resumido.</h4>
<h4>*Extensión: entre 15.000 y 45.000 caracteres sin espacios (aprox. 8 a 24 páginas).</h4>
<p>[/vc_column_text][vc_column_text css=&#8221;&#8221;]</p>
<h4><em>Esperamos contar con su valiosa participación y aportes en esta nueva edición de la Jornada.</em></h4>
<p>[/vc_column_text][/vc_column][/vc_row]</p>
</div>

<p>[vc_row][vc_column][vc_column_text css=&#8221;&#8221;] Mesa de Ponencias Quienes envíen sus propuestas podrán exponer su trabajo en la Mesa&#8230;</p>
